{"id":326,"date":"2025-08-21T22:06:54","date_gmt":"2025-08-21T22:06:54","guid":{"rendered":"https:\/\/skalujszybciej.pl\/?post_type=product&#038;p=326"},"modified":"2025-08-21T22:07:44","modified_gmt":"2025-08-21T22:07:44","slug":"pakiet-select","status":"publish","type":"product","link":"https:\/\/skalujszybciej.pl\/?product=pakiet-select","title":{"rendered":"Pakiet Select+"},"content":{"rendered":"","protected":false},"excerpt":{"rendered":"<p>Masz pytania lub potrzebujesz pomocy? Napisz do mnie na Instagramie \u2013 <strong><em>@BastiScales!<br \/>\n<\/em><\/strong>Aby z\u0142o\u017cy\u0107 zam\u00f3wienie, po prostu kliknij \u201eDodaj do koszyka\u201d.<\/p>\n","protected":false},"featured_media":96,"comment_status":"open","ping_status":"closed","template":"","meta":[],"product_brand":[],"product_cat":[20],"product_tag":[],"class_list":{"0":"post-326","1":"product","2":"type-product","3":"status-publish","4":"has-post-thumbnail","6":"product_cat-bez-kategorii","8":"first","9":"instock","10":"sale","11":"downloadable","12":"virtual","13":"purchasable","14":"product-type-simple"},"jetpack_sharing_enabled":true,"_links":{"self":[{"href":"https:\/\/skalujszybciej.pl\/index.php?rest_route=\/wp\/v2\/product\/326","targetHints":{"allow":["GET"]}}],"collection":[{"href":"https:\/\/skalujszybciej.pl\/index.php?rest_route=\/wp\/v2\/product"}],"about":[{"href":"https:\/\/skalujszybciej.pl\/index.php?rest_route=\/wp\/v2\/types\/product"}],"replies":[{"embeddable":true,"href":"https:\/\/skalujszybciej.pl\/index.php?rest_route=%2Fwp%2Fv2%2Fcomments&post=326"}],"wp:featuredmedia":[{"embeddable":true,"href":"https:\/\/skalujszybciej.pl\/index.php?rest_route=\/wp\/v2\/media\/96"}],"wp:attachment":[{"href":"https:\/\/skalujszybciej.pl\/index.php?rest_route=%2Fwp%2Fv2%2Fmedia&parent=326"}],"wp:term":[{"taxonomy":"product_brand","embeddable":true,"href":"https:\/\/skalujszybciej.pl\/index.php?rest_route=%2Fwp%2Fv2%2Fproduct_brand&post=326"},{"taxonomy":"product_cat","embeddable":true,"href":"https:\/\/skalujszybciej.pl\/index.php?rest_route=%2Fwp%2Fv2%2Fproduct_cat&post=326"},{"taxonomy":"product_tag","embeddable":true,"href":"https:\/\/skalujszybciej.pl\/index.php?rest_route=%2Fwp%2Fv2%2Fproduct_tag&post=326"}],"curies":[{"name":"wp","href":"https:\/\/api.w.org\/{rel}","templated":true}]}}